4 (base 14) in base 13?
-57c0
What is -d93 (base 14) in base 9?
-3604
Convert 1306 (base 12) to base 13.
ca8
3103 (base 7) to base 4
100321
95d (base 14) to base 9
2472
Convert 5239 (base 10) to base 8.
12167
4079 (base 11) to base 5
133120
Convert -4255 (base 8) to base 4.
-202231
451 (base 13) to base 14
3b0
Convert 1a53 (base 15) to base 16.
1647
3255 (base 6) to base 10
755
What is -122 (base 11) in base 9?
-171
Convert -1000110100 (base 2) to base 8.
-1064
What is -24331 (base 5) in base 4?
-130301
2210 (base 11) to base 4
231203
What is 67233 (base 8) in base 2?
110111010011011
Convert -3230 (base 5) to base 11.
-370
What is 2002210 (base 3) in base 11?
1174
What is 5b64 (base 13) in base 12?
7592
10ab (base 12) to base 2
11101000011
1764 (base 12) to base 11
2127
What is -201 (base 9) in base 7?
-322
What is -3032 (base 5) in base 10?
-392
Convert 1020201 (base 3) to base 16.
38e
What is 3a54a (base 12) in base 3?
11002002211
What is -2122 (base 5) in base 16?
-11f
Convert 1814 (base 9) to base 2.
10101101110
Convert 1137 (base 8) to base 11.
502
-24b (base 16) to base 7
-1466
What is -10667 (base 8) in base 14?
-191d
Convert -10021201102 (base 3) to base 13.
-23591
What is -5a9 (base 16) in base 8?
-2651
-2504 (base 6) to base 7
-1540
1106 (base 15) to base 16
e16
What is -33464 (base 10) in base 16?
-82b8
1709 (base 16) to base 13
28b8
What is 444 (base 5) in base 6?
324
What is 8b32 (base 14) in base 10?
24152
What is -100100001000111 (base 2) in base 16?
-4847
What is 10100001 (base 2) in base 3?
12222
Convert -101010011011110 (base 2) to base 3.
-1002210200
Convert -202020112 (base 3) to base 10.
-14756
What is 2783 (base 9) in base 3?
2212210
-281 (base 13) to base 8
-673
What is 387 (base 13) in base 4?
21222
-10110110011 (base 2) to base 13
-883
What is 1278 (base 15) in base 7?
14324
-36197 (base 10) to base 5
-2124242
Convert -2062 (base 7) to base 9.
-1001
1936 (base 12) to base 7
11640
Convert 3758 (base 13) to base 9.
11678
What is -1020011 (base 4) in base 8?
-11005
Convert -5012 (base 10) to base 4.
-1032110
-57452 (base 8) to base 4
-11330222
1010101101 (base 2) to base 7
1666
What is -7622 (base 12) in base 3?
-122210222
Convert -c2c (base 13) to base 15.
-92b
639 (base 12) to base 14
48d
975 (base 10) to base 4
33033
What is 62 (base 15) in base 4?
1130
What is -112141 (base 5) in base 2?
-111111001110
What is -127e (base 15) in base 4?
-331220
What is -10def (base 16) in base 9?
-114711
What is 1220 (base 10) in base 15?
565
What is -111110110 (base 2) in base 11?
-417
7c3d (base 14) to base 13
9ab9
What is -827 (base 13) in base 11?
-104a
5766 (base 11) to base 12
4472
What is -10110111 (base 2) in base 3?
-20210
5ad4 (base 16) to base 14
868c
What is 1010 (base 6) in base 3?
22020
Convert -5dc (base 14) to base 4.
-102112
-12041 (base 5) to base 12
-628
-14673 (base 11) to base 14
-77d9
1022 (base 6) to base 7
446
Convert 6865 (base 12) to base 16.
2d4d
-5243 (base 6) to base 16
-49b
Convert 570 (base 11) to base 6.
3054
-101333 (base 4) to base 2
-10001111111
What is 3b19 (base 15) in base 7?
51543
Convert 452 (base 6) to base 7.
341
Convert 1652 (base 7) to base 10.
674
-1002403 (base 6) to base 10
-47235
Convert -5b0 (base 16) to base 10.
-1456
What is 1135 (base 6) in base 15?
135
Convert 50358 (base 9) to base 5.
2024401
69b7 (base 14) to base 12
a785
Convert 406c (base 13) to base 14.
3342
43301 (base 5) to base 8
5607
11230031 (base 4) to base 7
124646
Convert -14142 (base 7) to base 6.
-25500
Convert -2c1 (base 15) to base 8.
-1167
What is 13002 (base 4) in base 5?
3300
What is -4078 (base 12) in base 3?
-100121102
What is 3113320 (base 4) in base 15?
4161
Convert 2302 (base 8) to base 15.
563
What is -10cb (base 13) in base 9?
-3216
What is -101001010 (base 2) in base 10?
-330
What is 133021 (base 4) in base 2?
11111001001
What is 11000001000110 (base 2) in base 4?
3001012
-1031023 (base 4) to base 14
-1b2b
Convert -92b (base 13) to base 11.
-1197
Convert 431 (base 7) to base 10.
218
-b7 (base 12) to base 9
-164
What is 4dfc (base 16) in base 14?
73c0
-2c (base 13) to base 15
-28
Convert -731 (base 10) to base 12.
-50b
-1312031 (base 5) to base 16
-6523
Convert 1595 (base 10) to base 9.
2162
Convert 120221 (base 3) to base 7.
1153
What is 1120112011 (base 3) in base 6?
355304
What is -3223421 (base 5) in base 15?
-113c6
151 (base 10) to base 11
128
-146 (base 14) to base 15
-123
What is -4094 (base 10) in base 15?
-132e
Convert 991 (base 15) to base 14.
b05
Convert -339 (base 12) to base 9.
-580
What is 220112 (base 3) in base 11?
552
What is -538 (base 10) in base 3?
-201221
-21102 (base 3) to base 15
-d5
Convert -111110111 (base 3) to base 12.
-581a
4c6 (base 16) to base 13
730
Convert -68c1 (base 13) to base 10.
-14691
Convert -331 (base 12) to base 6.
-2101
What is -15a1 (base 13) in base 2?
-110001100101
What is 135d (base 16) in base 4?
1031131
What is 650 (base 9) in base 15?
256
What is -589 (base 12) in base 5?
-11300
Convert -1542 (base 14) to base 9.
-5162
285 (base 11) to base 7
656
Convert -10100010 (base 2) to base 4.
-2202
What is -103130 (base 4) in base 3?
-1201002
Convert b56 (base 13) to base 2.
11110001010
-244075 (base 8) to base 11
-58150
Convert -41241 (base 6) to base 16.
-1579
What is 10011202220 (base 3) in base 11?
42a85
-101111101 (base 2) to base 8
-575
168 (base 13) to base 11
212
-13150 (base 9) to base 14
-333c
What is 154223 (base 6) in base 2?
11101101100111
What is 20211 (base 4) in base 12?
399
-2112 (base 11) to base 3
-10211120
Convert 3434 (base 6) to base 2.
1100101110
221 (base 8) to base 2
10010001
Convert -28066 (base 9) to base 5.
-1102024
Convert -3006 (base 9) to base 2.
-100010010001
Convert -5a05 (base 13) to base 11.
-9588
What is 12547 (base 8) in base 16?
1567
Convert 1406 (base 10) to base 13.
842
Convert 392 (base 11) to base 7.
1232
cc66 (base 16) to base 7
305361
What is 6682 (base 16) in base 5?
1314432
-7 (base 15) to base 9
-7
b48 (base 12) to base 6
11332
Convert -281 (base 16) to base 12.
-455
323 (base 9) to base 10
264
Convert -3ac (base 15) to base 13.
-4c5
Convert -293 (base 11) to base 7.
-1001
What is 122122001 (base 3) in base 11?
9725
What is 313201 (base 4) in base 16?
de1
Convert 2000110101 (base 3) to base 7.
223513
Convert 30066 (base 7) to base 13.
33ba
33337 (base 8) to base 11
a610
What is 5250 (base 12) in base 7?
35130
3206 (base 8) to base 16
686
120021110 (base 3) to base 6
123320
-17ae (base 15) to base 12
-2b62
Convert -33645 (base 8) to base 6.
-145541
Convert -10735 (base 10) to base 13.
-4b6a
What is 1220102 (base 3) in base 2?
10101101100
What is -1458 (base 9) in base 15?
-4db
3cd (base 14) to base 15
364
14436 (base 9) to base 16
266a
Convert -27c (base 15) to base 8.
-1067
What is -623 (base 13) in base 11?
-869
31290 (base 10) to base 2
111101000111010
Convert -4243133 (base 5) to base 2.
-10001011111110100
-485 (base 11) to base 8
-1101
-2345 (base 16) to base 10
-9029
Convert -13552 (base 6) to base 15.
-98b
What is 1203 (base 11) in base 15?
701
-21111010 (base 3) to base 11
-4111
Convert 602 (base 13) to base 16.
3f8
What is -21111 (base 4) in base 5?
-4342
-14706 (base 9) to base 12
-5996
What is -435030 (base 6) in base 12?
-18a76
1128 (base 9) to base 12
598
-169c (base 16) to base 4
-1122130
334 (base 6) to base 12
aa
2ab9 (base 12) to base 13
23a6
What is -452 (base 12) in base 5?
-10023
Convert -2299 (base 10) to base 8.
-4373
What is -333 (base 8) in base 2?
-11011011
What is -3896 (base 12) in base 13?
-2c22
Convert -125134 (base 7) to base 10.
-23398
What is -cc4b (base 13) in base 10?
-28455
Convert -2311 (base 5) to base 8.
-513
Convert -4b3 (base 13) to base 3.
-1010110
What is -1421a (base 11) in base 8?
-47404
Convert 101 (base 10) to base 6.
245
Convert 553151 (base 6) to base 5.
2433300
326d (base 14) to base 15
28b6
What is 433 (base 5) in base 6?
314
-1032 (base 15) to base 16
-d5e
1000310 (base 4) to base 11
3131
What is -473 (base 9) in base 16?
-186
What is -768 (base 16) in base 5?
-30041
Convert -490 (base 10) to base 2.
-111101010
What is 152213 (base 7) in base 12?
15172
What is -6c8 (base 14) in base 6?
-10132
-2756 (base 8) to base 12
-a66
Convert -3505 (base 7) to base 8.
-2377
3051 